{"id":21182,"date":"2022-11-09T00:00:00","date_gmt":"2022-11-09T05:00:00","guid":{"rendered":"https:\/\/genomequebec.com\/coporative-contents\/josette-renee-landry-appointed-president-and-ceo-of-genome-quebec\/"},"modified":"2023-04-17T10:49:58","modified_gmt":"2023-04-17T14:49:58","slug":"josette-renee-landry-appointed-president-and-ceo-of-genome-quebec","status":"publish","type":"coporative-content","link":"https:\/\/genomequebec.com\/en\/coporative-contents\/josette-renee-landry-appointed-president-and-ceo-of-genome-quebec\/","title":{"rendered":"Josette-Ren\u00e9e Landry appointed President and CEO of G\u00e9nome Qu\u00e9bec"},"content":{"rendered":"","protected":false},"featured_media":0,"template":"","corporative_content_category":[376],"class_list":["post-21182","coporative-content","type-coporative-content","status-publish","hentry","corporative_content_category-press-releases"],"acf":[],"_links":{"self":[{"href":"https:\/\/genomequebec.com\/en\/wp-json\/wp\/v2\/coporative-content\/21182","targetHints":{"allow":["GET"]}}],"collection":[{"href":"https:\/\/genomequebec.com\/en\/wp-json\/wp\/v2\/coporative-content"}],"about":[{"href":"https:\/\/genomequebec.com\/en\/wp-json\/wp\/v2\/types\/coporative-content"}],"wp:attachment":[{"href":"https:\/\/genomequebec.com\/en\/wp-json\/wp\/v2\/media?parent=21182"}],"wp:term":[{"taxonomy":"corporative_content_category","embeddable":true,"href":"https:\/\/genomequebec.com\/en\/wp-json\/wp\/v2\/corporative_content_category?post=21182"}],"curies":[{"name":"wp","href":"https:\/\/api.w.org\/{rel}","templated":true}]}}

Josette-Renée Landry appointed President and CEO of Génome Québec
