{"id":21082,"date":"2019-10-11T00:00:00","date_gmt":"2019-10-11T04:00:00","guid":{"rendered":"https:\/\/genomequebec.com\/coporative-contents\/sylvain-moineau-awarded-the-2019-prix-du-quebec-marie-victorin\/"},"modified":"2023-04-17T10:49:28","modified_gmt":"2023-04-17T14:49:28","slug":"sylvain-moineau-awarded-the-2019-prix-du-quebec-marie-victorin","status":"publish","type":"coporative-content","link":"https:\/\/genomequebec.com\/en\/coporative-contents\/sylvain-moineau-awarded-the-2019-prix-du-quebec-marie-victorin\/","title":{"rendered":"Sylvain Moineau awarded the 2019 Prix du Qu\u00e9bec Marie-Victorin"},"content":{"rendered":"<p>G\u00e9nome Qu\u00e9bec congratulates Professor Sylvain Moineau on receiving the prestigious Marie-Victorin Award, presented, since 1977, to an individual who has had a distinguished career in the fields of natural science and engineering but whose work is not related to the biomedical field.<\/p>\n","protected":false},"featured_media":0,"template":"","corporative_content_category":[376],"class_list":["post-21082","coporative-content","type-coporative-content","status-publish","hentry","corporative_content_category-press-releases"],"acf":[],"_links":{"self":[{"href":"https:\/\/genomequebec.com\/en\/wp-json\/wp\/v2\/coporative-content\/21082","targetHints":{"allow":["GET"]}}],"collection":[{"href":"https:\/\/genomequebec.com\/en\/wp-json\/wp\/v2\/coporative-content"}],"about":[{"href":"https:\/\/genomequebec.com\/en\/wp-json\/wp\/v2\/types\/coporative-content"}],"wp:attachment":[{"href":"https:\/\/genomequebec.com\/en\/wp-json\/wp\/v2\/media?parent=21082"}],"wp:term":[{"taxonomy":"corporative_content_category","embeddable":true,"href":"https:\/\/genomequebec.com\/en\/wp-json\/wp\/v2\/corporative_content_category?post=21082"}],"curies":[{"name":"wp","href":"https:\/\/api.w.org\/{rel}","templated":true}]}}

Sylvain Moineau awarded the 2019 Prix du Québec Marie-Victorin

<p>Génome Québec congratulates Professor Sylvain Moineau on receiving the prestigious Marie-Victorin Award, presented, since 1977, to an individual who has had a distinguished career in the fields of natural science and engineering but whose work is not related to the biomedical field.</p>
